= -300*j - 149. What is the tens digit of p(-3)?
5
Suppose 27*w - 36036 = 5*w. What is the units digit of w?
8
Suppose -3*w + 47 = j - 332, 0 = -4*w + 4*j + 516. What is the units digit of w?
7
Let d be (-4)/((-6)/(-3))*(-2)/4. What is the units digit of 665/10 - d/(-2)?
7
Let l(f) = -f**2 - 5*f - 3. Let m be l(-2). Let r(w) = -w - 3 - w + 22 + m*w. What is the tens digit of r(6)?
2
Let w(s) be the first derivative of s**3 - 21*s**2/2 + 8*s - 18. What is the units digit of w(9)?
2
Suppose 0 = 3*n - 0*n + 174. Let o = n - -122. Let j = o - 34. What is the tens digit of j?
3
What is the units digit of -5 - (5/(15/(-288)) + 2)?
9
Suppose t + 2*d = 274, 8*t - 3*d = 3*t + 1318. Suppose 4*w - 1046 = -0*v + 2*v, -w + 2*v + t = 0. What is the tens digit of w?
6
Let n(r) be the second derivative of -49*r**3/6 - r**2/2 - r - 15. What is the tens digit of n(-1)?
4
Let h = -4648 - -8748. What is the tens digit of h?
0
Let d(o) = 6*o - 45. Let g(j) = 1. Let z(n) = -d(n) + 5*g(n). What is the hundreds digit of z(-11)?
1
Let x(b) = -b**2 + b + 8. Let f be x(-3). What is the tens digit of 4*f/24*-72?
4
Let j = 95 - -124. Let r be j/15 + (-6)/10. What is the units digit of 16/r + 3/(-21)?
1
Let p(b) = -b**3 - 9*b**2 - 7*b + 8. Let w be p(-8). Let k be 45/(-10)*(2 + w). What is the tens digit of (-1040)/24*k/6?
6
Suppose 0 = 7*k - 4*k - 36. Let f be 4*-6*k/32. What is the units digit of (3/f)/(1/(-9))?
3
Let w(i) = -2*i**3 - 11*i**2 - 2*i + 8. What is the hundreds digit of w(-7)?
1
Suppose 145 = -3*p + 1. What is the units digit of (-4 + 6)/(2*(-3)/p)?
6
Let l be 2 + -5 + -15 - -1. Let h = l + 21. What is the units digit of 222/h*6/9?
7
Let u(w) be the second derivative of 3*w**4/8 - w**3/3 - 3*w**2/2 - 4*w. Let t(i) be the first derivative of u(i). What is the units digit of t(5)?
3
Suppose 0*g + 5*g = -4*i + 4366, 0 = 4*g + i - 3495. What is the hundreds digit of g?
8
Let h(q) be the third derivative of -1/6*q**3 + 5*q**2 + 0*q + 0 + 1/120*q**6 - 7/60*q**5 - 1/6*q**4. What is the tens digit of h(8)?
3
Let j(c) = 3*c**2 - 5*c - 74. What is the hundreds digit of j(9)?
1
Suppose 7*i = -2*i + 54. Let a(y) = 2*y**2 - 10. What is the tens digit of a(i)?
6
Suppose -192 + 0 = 6*x. Let t be (-8)/20 + x/(-5). What is the units digit of t/18 - 52/(-6)?
9
Let v(z) = -10*z**2 + 2*z - 1. Let l be v(-2). Let a = -76 - -65. Let s = a - l. What is the tens digit of s?
3
Let d = 27 + -23. Suppose -148 = -b - 2*b + d*j, 3*j + 51 = b. What is the tens digit of b?
4
Suppose 3*a = -31*a + 44166. What is the hundreds digit of a?
2
Let o = -14 - -18. Suppose -35 - 17 = -5*z + w, -o*z + 53 = 3*w. Suppose 2*j = v + 2, -3 = 5*j - v - z. What is the units digit of j?
2
Let m be -4 + 87 + (-2)/(-1). Let c = -42 + m. Let p = c - 24. What is the tens digit of p?
1
Let h(c) = c**2 + 3*c + 10. Suppose 4*j - 8*j - 28 = 0. What is the tens digit of h(j)?
3
Let t be (-6)/10 + (-1)/(-5)*13. Suppose 4*d + 119 = t*u - d, -u + 62 = -5*d. What is the tens digit of u?
5
Let o(t) = 9*t**2 - 14*t - 18. What is the tens digit of o(-13)?
8
Let q(u) = -13*u - 5. Let z be q(-3). Let a be ((-8)/(-10))/(z/85). Suppose 56 + 4 = a*k. What is the tens digit of k?
3
Let f = -4 + 0. Let z(h) = h**2 + 3*h - 1. Let d be z(f). What is the tens digit of 51/(-12)*(-12)/d?
1
Let r = 102 + 60. Let d = 243 - r. What is the units digit of d?
1
Suppose 42*s - 4370 = 32*s. What is the hundreds digit of s?
4
Let u be ((-4)/(-8))/((-2)/8). Let x be (32/24)/(u/27). Let o = -15 - x. What is the units digit of o?
3
Let s(i) = 19*i**3 + 2*i**2 + 2*i - 2. What is the units digit of s(2)?
2
Suppose -5*x + 5*g + 5144 = -4861, -5*x - 4*g + 10032 = 0. What is the tens digit of x/27 + 3 + (-58)/18?
7
Suppose -2*f = 3*f - 300. Let i = f - 43. Suppose -2*u + i = -13. What is the tens digit of u?
1
Suppose 8*y = 1266 + 4206. What is the hundreds digit of y?
6
Suppose 90 = -7*n + 10*n + w, -2*w = n - 35. Suppose 0 = 5*i - 0*i - 5*m + 70, 5*m = -5*i - 60. Let y = i + n. What is the units digit of y?
6
Let o(x) = 2*x**3 - 37*x**2 - x - 40. What is the units digit of o(21)?
4
Suppose -8*t = -t + 1008. Let c = t + 207. What is the tens digit of c?
6
Suppose -2*b = -w + 971, 14*w - 3898 = 10*w + b. What is the units digit of w?
5
Let f be 25/4 + 7/(-28). What is the units digit of (-6)/4*(-424)/f?
6
Let o(g) = 0*g**2 - 2*g**2 + 9*g - 2 + 0*g. Let p(l) = 2*l - 7. Let u be p(5). What is the units digit of o(u)?
7
Let x be ((-4)/10)/((-6)/30). Suppose 0 = 4*r - 2*j - 200, -r + x*j + 56 = -0*r. Suppose -2*u + r = 10. What is the units digit of u?
9
Let y = -411 + 196. Let k = -79 - y. What is the tens digit of k?
3
Suppose 0 = -3*f + 4*w + 944, 1799 = 4*f - 3*w + 552. What is the tens digit of f?
0
Suppose 4*w + 0 = 4*u - 28, -2*w = -5*u + 26. Suppose -s = -3*p - 48, 234 = u*s - 0*p + 2*p. What is the units digit of s?
7
Let x(i) = -i**3 - 16*i**2 - 14*i + 15. Let d be x(-15). Let r be 6 + -32 - (d - -3). Let w = r - -59. What is the tens digit of w?
3
Let j be 3/2 - (-45)/10. Let s(g) = 2*g**2 - 4*g - 3. What is the units digit of s(j)?
5
Suppose 6 = -6*x + 318. Let z be -1 + x - (-2 + -1). Let l = -29 + z. What is the tens digit of l?
2
Let z(f) = -f**2 + 8*f - 1. Let a be z(8). Let i = 4 - a. Suppose -q - i*l + 42 = 0, -3*q - l + 84 + 0 = 0. What is the tens digit of q?
2
Let t(q) = -12*q**2 + 5*q - 10. Suppose -5*j + 29 = f, 0 = -4*j + 5*f - 0*f. Let s be t(j). What is the units digit of s/(-18) - 1/(-6)?
6
Suppose -z + 1 = 3*q + 3, -6 = 3*q. Suppose i - 6*i - 20 = 0, z*r = -3*i + 4. Suppose 194 = 3*b - 2*l, -2*b + 88 = -b + r*l. What is the units digit of b?
8
Suppose x = 3*x - 172. Let i = 215 - x. What is the units digit of i?
9
What is the hundreds digit of (-20)/45 - 14658/(-54)?
2
Suppose 3*s + 5 = -1. Suppose -5*f - 51 = -11. What is the units digit of s/f + 220/16?
4
What is the tens digit of 4 - (-8 - (3 + 970))?
8
Let x = -140 + 94. Let n be 12/30 - x/10. Suppose n*k + 0*k = 150. What is the tens digit of k?
3
Suppose -211*a + 218*a = -35. Let w be (-2 - -1)/(-1*1). What is the tens digit of (-209)/(-5) - w/a?
4
Let a = 211 - 233. Let p(o) = o**3 - 2*o**2 - 4*o - 1. Let t be p(-3). Let q = a - t. What is the tens digit of q?
1
What is the tens digit of (42/4 + 0)/((-11)/(-3564))?
0
Suppose 6897 - 1640 = 2*b - y, 3*y - 2618 = -b. What is the hundreds digit of b?
6
Suppose -4*u + 4*p + 720 = 0, 47*u = 45*u - p + 375. What is the tens digit of u?
8
What is the hundreds digit of 13/130 + 15747/30?
5
Suppose 5*n = -2*o + 249, 0*o = 4*o - 5*n - 483. What is the tens digit of o?
2
Let a(w) = 37*w**2 - 2*w + 3. Let p be a(-3). What is the tens digit of (p/(-24))/(2 - 99/48)?
2
Let v(f) = 23*f + 12. What is the tens digit of v(14)?
3
Suppose 2*z + 3 = 21. Suppose -5*s = -z*r + 4*r + 740, -4*r - 3*s = -564. What is the hundreds digit of r?
1
Let r be 2/(-11) - 171/(-33). What is the tens digit of r + -3*(-163)/3?
6
Suppose 12 = -4*m + 28. Suppose -m*f - 20 = 0, -3*n - 2*n + 165 = -f. What is the tens digit of n?
3
Let n be (-5)/((-10)/(-7))*-20. Let h = n + -13. What is the units digit of h?
7
Let y(j) = 11*j**2 + 16*j + 62. What is the hundreds digit of y(-6)?
3
Suppose -7*i = -9 - 19. Suppose 52 = i*d - 152. What is the tens digit of d?
5
Let q(y) = 6*y + 4. Let h be q(0). Suppose -s + 33 = -27. Suppose 0 = z + h*z - s. What is the units digit of z?
2
Let i(j) = 3*j**3 + j**2 - 6*j + 6. What is the hundreds digit of i(4)?
1
Suppose -35520 = -151*z + 141*z. What is the units digit of z?
2
Let n be 54/(-8) - 6/(-8). Let r = 12 - n. What is the units digit of r?
8
Suppose -5*m - 3*w = 111, 5*m + 135 = -w + 6*w. Let z be (-76)/(-6)*(-36)/m. Let s = 31 + z. What is the tens digit of s?
5
Let k be 4/(-10)*75/(-15). Suppose -n + 4*c = 12, -k*n - c = -3*c. Suppose -5*y + 85 = n*p, 0*p = 2*p + 5*y - 35. What is the units digit of p?
5
Let o(v) = 8*v**2 - 18*v + 135. What is the units digit of o(16)?
5
Let k = 1118 - 711. What is the tens digit of k?
0
Let x = 11 - 7. Suppose -2*v + x*v = 30. Suppose 0*y + y = 4*z - v, -5*z = -2*y - 21. What is the units digit of z?
3
Let a = 2773 - 1603. What is the thousands digit of a?
1
Suppose 5*k = 2*r - 6*r + 3071, -4*k = -3*r - 2463. Suppose -17*x + 20*x = k. What is the hundreds digit of x?
2
Let l(h) = h